42
33051125 (base 6) to base 7
11246111
What is -2001320444 (base 5) in base 7?
-45266243
Convert 1100001011100110001010 (base 2) to base 4.
30023212022
What is -8ab29c (base 16) in base 10?
-9089692
2073257 (base 8) to base 14
1061d5
What is 103212113 (base 4) in base 10?
80279
-12333253 (base 7) to base 12
-45a93a
What is -128b15 (base 12) in base 5?
-34240404
Convert -1001011000111100111 (base 2) to base 11.
-1a0196
What is -481313 (base 10) in base 13?
-13b101
1599a0 (base 12) to base 4
1122031020
Convert 110221121110 (base 3) to base 7.
2111022
1001101011101100011010 (base 2) to base 4
21223230122
-10213111421 (base 5) to base 13
-229a3a1
What is 111010121002111 (base 3) in base 6?
405332321
What is -77577 (base 10) in base 11?
-53315
What is 1252460 (base 8) in base 9?
582360
-10000122102011 (base 3) to base 10
-1607017
-3431423 (base 7) to base 9
-722012
Convert -166729 (base 10) to base 6.
-3323521
-24044871 (base 9) to base 14
-17b19d4
Convert -201233 (base 7) to base 15.
-a16e
Convert 46484 (base 12) to base 9.
152831
-1021002112010 (base 3) to base 9
-1232463
What is 100113 (base 5) in base 14?
1218
63aa47 (base 15) to base 8
22062000
Convert 1001000110101101 (base 2) to base 6.
444353
Convert 167601 (base 8) to base 7.
343520
What is 3a12c (base 13) in base 15?
21e5a
43b570 (base 12) to base 3
2000201211210
Convert -19c22a (base 14) to base 12.
-382766
Convert 322631 (base 9) to base 8.
567361
20212202010 (base 3) to base 16
210f0
What is 5311233 (base 6) in base 4?
333002211
-11112210212 (base 3) to base 15
-1b7d8
What is 303000021 (base 4) in base 11?
132a54
-1851b2 (base 13) to base 11
-388128
What is -1100324342 (base 6) in base 9?
-24150828
3215550 (base 7) to base 2
1011111011100101101
What is -4bab7 (base 13) in base 6?
-3001151
What is -186192 (base 10) in base 11?
-117986
What is 3569606 (base 11) in base 15?
82d19a
What is 101101101010010 (base 2) in base 4?
11231102
Convert -14653111 (base 7) to base 10.
-1408072
What is -351699 (base 10) in base 8?
-1256723
Convert -1265433 (base 7) to base 15.
-349d9
179514 (base 12) to base 5
101112042
13a5b (base 12) to base 14
9dd5
158709 (base 15) to base 2
11111110001010111100
What is 18128b (base 14) in base 13?
239225
What is -32e158 (base 15) in base 4?
-21100200311
What is 206a801 (base 11) in base 16?
379f3f
Convert 30909 (base 15) to base 6.
3144313
424220431 (base 5) to base 4
12310233002
Convert -4032663 (base 7) to base 3.
-220022211020
What is -10200410 (base 8) in base 7?
-24245661
What is 2827553 (base 9) in base 2?
101111011011000100000
What is -6185045 (base 9) in base 3?
-20012212001112
-e979ec (base 16) to base 4
-322113213230
Convert -103322012 (base 4) to base 6.
-1425302
What is -131602 (base 10) in base 4?
-200020102
What is a68644 (base 13) in base 9?
7307742
What is 1609d8 (base 14) in base 7?
6355461
What is -1412757 (base 8) in base 3?
-202021002112
-111101001010010010001 (base 2) to base 12
-807955
Convert 1cdfad (base 16) to base 15.
275a14
Convert 1253dad (base 14) to base 2.
100001100110011100000101
-5b22d (base 14) to base 16
-365e9
What is -104002 (base 7) in base 8?
-43405
eaa087 (base 15) to base 5
10324441002
What is ab37a4 (base 12) in base 13?
7443ac
Convert 2424a40 (base 13) to base 8.
52577452
Convert -8cb69 (base 16) to base 9.
-1067551
Convert -747236 (base 10) to base 14.
-156460
What is 151941 (base 12) in base 14?
9382d
Convert 2411345 (base 7) to base 2.
1001010100100101010
What is 2122430 (base 5) in base 9?
54328
Convert 1756e (base 15) to base 16.
126d7
-4354065 (base 7) to base 12
-219349
-43442011 (base 7) to base 5
-1423142040
Convert 3205152 (base 6) to base 10.
156668
Convert 170d75 (base 14) to base 16.
c59ab
-110100110111101001000 (base 2) to base 5
-420414144
-985a3a (base 11) to base 7
-16245236
What is -2002646 (base 7) in base 16?
-39b18
12081771 (base 9) to base 6
330241231
ac920 (base 13) to base 12
131529
What is 510200 (base 13) in base 5?
440312424
-3412002322 (base 5) to base 16
-72ec43
What is -1e2cb9 (base 15) in base 2?
-101101000110001110101
454812 (base 13) to base 6
55035540
Convert -1c123 (base 15) to base 2.
-10110010011110111
What is 120513155 (base 6) in base 9?
4255078
Convert -12523311 (base 6) to base 12.
-180537
Convert 1439182 (base 11) to base 9.
4576701
2451501 (base 6) to base 7
1054531
Convert -7984308 (base 10) to base 9.
-16018363
What is -20010010102020 (base 3) in base 16?
-319809
1222011221022 (base 3) to base 16
ff90e
Convert 378661 (base 9) to base 5.
24320242
What is -1743117 (base 11) in base 3?
-12120110120102
5dd390 (base 15) to base 10
4499685
Convert -53440 (base 9) to base 14.
-cc52
b6ff0 (base 16) to base 12
301928
Convert 1032001 (base 7) to base 3.
20101012121
-7b31c3 (base 16) to base 15
-a972e7
8b88 (base 14) to base 15
72a3
-1138988 (base 13) to base 6
-305354522
100011000000011111 (base 2) to base 9
237623
Convert -43534 (base 11) to base 3.
-10012200201
What is 65662b (base 13) in base 15?
321916
What is 1402153 (base 6) in base 7?
444111
Convert 11101100010001110101001 (base 2) to base 11.
4408a65
-10a7305 (base 12) to base 13
-88328c
What is -18872 (base 14) in base 5?
-3441121
Convert 1e1d8 (base 15) to base 11.
67947
Convert -242a7 (base 13) to base 9.
-111051
-7d42d (base 15) to base 16
-61759
-1922636 (base 10) to base 11
-10a3561
Convert 131111340 (base 5) to base 16.
9d5f3
2312243 (base 5) to base 15
c4b8
Convert -1335150103 (base 6) to base 13.
-348462c
Convert 2509a3b (base 12) to base 3.
111121111001002
Convert 76c6f (base 16) to base 8.
1666157
What is 261422 (base 8) in base 11?
62325
13233331 (base 5) to base 4
200213113
Convert 1260384 (base 10) to base 14.
24b476
15124226 (base 10) to base 16
e6c702
What is -2101203000 (base 4) in base 13?
-17b476
What is 4da75 (base 15) in base 16?
3cb9f
Convert 1b17 (base 12) to base 11.
2559
What is -465b0 (base 13) in base 16?
-1f59e
What is -140308 (base 13) in base 16?
-76aa4
Convert 389a9 (base 16) to base 8.
704651
What is -20240030 (base 6) in base 15?
-b7086
What is 1010000001100011100 (base 2) in base 13?
b6685
-1177151 (base 8) to base 15
-66e83
-1012553452 (base 6) to base 13
-2236c25
Convert 14612025 (base 7) to base 3.
2122000211000
Convert 1010211010001 (base 3) to base 8.
2240622
11101000100010110010011 (base 2) to base 10
7619987
Convert 100212112121002 (base 3) to base 2.
10100000000110101101110
What is -469465 (base 11) in base 13?
-200ba9
Convert -125624506 (base 7) to base 3.
-120020220021001
-4675207 (base 8) to base 15
-1a3386
What is -2212131 (base 4) in base 16?
-299d
Convert -264164 (base 9) to base 7.
-1235662
What is 5767674 (base 8) in base 4?
11332332330
-1dcb64 (base 15) to base 10
-1460569
What is -1030566 (base 10) in base 3?
-1221100200010
Convert 1205330 (base 8) to base 3.
121210022010
What is 78041 (base 11) in base 5?
12110210
Convert -395093 (base 10) to base 16.
-60755
Convert 10000000010111111101 (base 2) to base 16.
805fd
Convert -60252006 (base 7) to base 4.
-103001222301
131102143 (base 6) to base 2
1001110100100000001111
What is -3638741 (base 10) in base 11?
-2065927
509035 (base 12) to base 14
24b145
-23102132 (base 5) to base 6
-4232114
452422 (base 7) to base 9
131824
Convert -10010011011100101100 (base 2) to base 15.
-bde33
-556457 (base 8) to base 4
-231310233
What is -4333113 (base 5) in base 9?
-122647
Convert 278140 (base 14) to base 5.
322214024
-11000000100011001000010 (base 2) to base 7
-104425606
Convert 79245 (base 10) to base 9.
130630
What is 913a8 (base 11) in base 3?
20210020110
Convert -432556 (base 7) to base 12.
-37777
Convert -7332044 (base 8) to base 12.
-79a658
What is 211122221 (base 5) in base 14?
18c82a
-125507 (base 8) to base 3
-2020010222
Convert -203001433 (base 6) to base 11.
-1a80318
Convert 10010010001001110000 (base 2) to base 15.
bc595
What is 6788 (base 12) in base 8?
26330
-1003432110 (base 5) to base 2
-111101011110110111111
Convert -220131003112 (base 4) to base 14.
-15a09ca
Convert 136538 (base 10) to base 16.
2155a
What is 8d51 (base 14) in base 9?
36631
What is -200215034 (base 6) in base 11?
-19a7366
What is 1564731 (base 8) in base 10?
453081
Convert -42b6a (base 14) to base 10.
-161402
What is 156b51 (base 15) in base 16?
fcc25
What i